673
What is the highest common divisor of 18 and 502?
2
Calculate the greatest common divisor of 1508 and 2626.
26
Calculate the highest common divisor of 30 and 1008570.
30
Calculate the highest common divisor of 6 and 14380.
2
What is the highest common divisor of 15120 and 1589280?
1680
What is the highest common divisor of 31070 and 3848?
26
Calculate the greatest common factor of 159962 and 6534.
242
What is the greatest common factor of 7348 and 20636?
44
Calculate the highest common divisor of 35850 and 510.
30
What is the highest common divisor of 105 and 124131?
21
Calculate the greatest common factor of 15 and 16105.
5
Calculate the greatest common factor of 35 and 9698255.
35
What is the greatest common factor of 188977 and 59?
59
What is the greatest common factor of 63529 and 1313?
101
What is the highest common factor of 82869 and 1104?
69
Calculate the highest common factor of 197192 and 1413.
157
What is the greatest common factor of 875 and 27625?
125
Calculate the highest common factor of 265 and 106530.
265
Calculate the greatest common factor of 2513 and 1073410.
359
What is the highest common factor of 8750 and 60725?
175
Calculate the highest common divisor of 824 and 1000.
8
What is the highest common divisor of 23343 and 217?
31
What is the greatest common divisor of 2129470 and 1049?
1049
What is the highest common factor of 61712 and 336?
112
Calculate the highest common factor of 31611 and 19532.
257
Calculate the highest common divisor of 102070 and 118.
118
What is the highest common divisor of 181485 and 37?
37
What is the highest common factor of 71402 and 38?
38
Calculate the highest common divisor of 101816 and 528.
88
What is the highest common divisor of 3320 and 440?
40
Calculate the greatest common factor of 42 and 61257.
21
What is the highest common factor of 5526 and 12?
6
What is the greatest common divisor of 307159 and 1502?
751
Calculate the greatest common divisor of 180 and 8456.
4
What is the highest common divisor of 5481 and 3683?
29
What is the greatest common factor of 16 and 2836?
4
What is the greatest common factor of 16329 and 6?
3
What is the highest common factor of 177 and 2898?
3
Calculate the greatest common divisor of 269525 and 25.
25
Calculate the greatest common factor of 9251 and 121.
11
Calculate the greatest common factor of 65187 and 99.
9
Calculate the highest common factor of 132 and 20614.
22
Calculate the highest common factor of 900 and 8350.
50
What is the greatest common divisor of 5427 and 99?
9
Calculate the greatest common factor of 33 and 11802021.
33
What is the highest common divisor of 3773 and 664587?
539
Calculate the greatest common factor of 207283 and 424.
53
What is the greatest common divisor of 284533 and 556?
139
What is the greatest common factor of 162 and 19386?
54
What is the highest common factor of 140 and 945?
35
What is the highest common factor of 132235 and 998?
499
What is the highest common divisor of 1276 and 124?
4
Calculate the greatest common divisor of 132 and 3342152.
44
What is the greatest common divisor of 5920 and 1080?
40
What is the greatest common divisor of 10 and 4694?
2
Calculate the greatest common factor of 6770224 and 464.
464
What is the greatest common factor of 856 and 95551?
107
What is the greatest common divisor of 9500 and 24092?
76
Calculate the highest common divisor of 1177131 and 51.
51
Calculate the highest common factor of 324 and 423.
9
What is the greatest common divisor of 6212 and 8?
4
What is the greatest common divisor of 77560 and 840?
280
Calculate the greatest common divisor of 9320 and 344.
8
What is the greatest common factor of 1854703 and 1?
1
Calculate the highest common divisor of 13 and 460746.
13
Calculate the highest common factor of 13502 and 60458.
86
What is the highest common factor of 7869 and 2193?
129
What is the highest common divisor of 675702 and 1552?
194
What is the highest common divisor of 21935 and 14445?
535
Calculate the greatest common factor of 2970 and 10770.
30
What is the greatest common factor of 17536 and 13289?
137
What is the greatest common divisor of 225 and 51840?
45
What is the highest common divisor of 35 and 24105?
5
What is the greatest common divisor of 62811 and 56?
7
What is the greatest common factor of 172789 and 1179?
131
Calculate the greatest common factor of 825552 and 144.
144
Calculate the highest common divisor of 2082 and 96.
6
What is the highest common divisor of 3152 and 10047?
197
What is the highest common divisor of 545 and 21473?
109
Calculate the greatest common divisor of 13303 and 265.
53
What is the highest common factor of 1193769 and 657?
657
Calculate the highest common factor of 657 and 1796311.
73
Calculate the highest common divisor of 49153 and 152.
19
What is the greatest common factor of 2086 and 72414?
298
What is the highest common factor of 61457 and 22?
11
Calculate the highest common factor of 10355 and 11020.
95
Calculate the highest common factor of 61 and 185989.
61
Calculate the highest common factor of 87361 and 10536.
439
What is the greatest common divisor of 34902 and 5040?
126
Calculate the highest common divisor of 24535 and 5.
5
Calculate the greatest common divisor of 225164 and 362.
362
Calculate the greatest common divisor of 1358 and 8342.
194
What is the highest common divisor of 1883 and 357?
7
What is the greatest common divisor of 52272 and 30624?
528
What is the greatest common factor of 155 and 29543?
31
Calculate the greatest common factor of 68582 and 530.
106
Calculate the greatest common divisor of 2123 and 219634.
193
Calculate the greatest common divisor of 10005 and 345.
345
Calculate the highest common factor of 32670 and 90.
90
What is the highest common divisor of 4040 and 200?
40
Calculate the greatest common factor of 2163 and 10941.
21
Calculate the highest common divisor of 167477 and 2245.
449
Calculate the greatest common factor of 1498 and 10319722.
1498
Calculate the highest common factor of 2151906 and 2814.
402
Calculate the greatest common divisor of 127006 and 66.
22
Calculate the greatest common factor of 108129 and 2793.
399
What is the highest common factor of 2686 and 1088?
34
Calculate the greatest common divisor of 10982 and 874.
38
What is the greatest common divisor of 30 and 3290?
10
What is the greatest common factor of 21228 and 609?
87
Calculate the greatest common factor of 9 and 20628.
9
Calculate the greatest common factor of 22680 and 210.
210
What is the greatest common factor of 81 and 166509?
27
What is the highest common divisor of 22238 and 16?
2
Calculate the highest common divisor of 956248 and 368.
184
Calculate the greatest common factor of 96 and 131796.
12
Calculate the highest common factor of 2 and 10.
2
Calculate the greatest common divisor of 14086 and 25.
1
Calculate the highest common factor of 15437173 and 1003.
1003
What is the highest common divisor of 39 and 37726?
13
What is the greatest common factor of 20440 and 28952?
56
What is the greatest common divisor of 525216 and 24?
24
What is the highest common divisor of 34400 and 100?
100
What is the greatest common divisor of 10908 and 24644?
404
Calculate the highest common divisor of 1611 and 486880.
179
Calculate the highest common divisor of 725679 and 279.
279
What is the highest common divisor of 26279 and 121?
11
Calculate the highest common divisor of 4632946 and 524.
262
What is the highest common divisor of 648 and 88?
8
What is the greatest common divisor of 78400 and 2205?
245
What is the greatest common factor of 1435732 and 116?
116
Calculate the greatest common divisor of 8 and 659948.
4
Calculate the greatest common divisor of 3589 and 999.
37
Calculate the highest common factor of 208473 and 6.
3
Calculate the greatest common divisor of 636 and 3339.
159
Calculate the highest common divisor of 1855170 and 1080.
270
What is the highest common factor of 48 and 2742?
6
What is the greatest common divisor of 1094 and 1410713?
547
Calculate the greatest common factor of 732807 and 648.
81
Calculate the greatest common factor of 21672 and 2016.
504
What is the highest common factor of 6527328 and 96?
96
What is the greatest common factor of 224 and 16408?
56
What is the greatest c